4?
-91
In base 15, what is -9 - -1?
-8
In base 11, what is 8 - 10?
-3
In base 12, what is 4 - -b44?
b48
In base 9, what is -17 - -5?
-12
In base 2, what is 10 - 1001000?
-1000110
In base 10, what is -13 - -1?
-12
In base 8, what is -1237 - -3?
-1234
In base 16, what is -1 + 28?
27
In base 9, what is 183 + -3?
180
In base 8, what is 120 - -4?
124
In base 2, what is -101100 + 10000?
-11100
In base 6, what is 3 - -451?
454
In base 8, what is 1 - 6600?
-6577
In base 9, what is -72 + 5?
-66
In base 2, what is -10 - -11101110?
11101100
In base 16, what is -6 + 18f?
189
In base 6, what is 2 + -402?
-400
In base 3, what is 22222 + 212?
100211
In base 7, what is 1224 + 4?
1231
In base 10, what is 2 - -1940?
1942
In base 9, what is 2 + 24?
26
In base 8, what is 5 + 502?
507
In base 13, what is 308 - 2?
306
In base 3, what is 10 - -2102220?
2110000
In base 11, what is -4 + 24?
20
In base 7, what is -340 - 10?
-350
In base 3, what is 2 - 101210?
-101201
In base 15, what is -3 - -e71?
e6d
In base 14, what is 0 + 130?
130
In base 6, what is -1555 + -3?
-2002
In base 16, what is 6f - 44?
2b
In base 7, what is -2040 - 15?
-2055
In base 15, what is 7eb + 2?
7ed
In base 5, what is -130 - -40?
-40
In base 5, what is 430121 + 10?
430131
In base 14, what is -c - -2a?
1c
In base 4, what is 100212 + 0?
100212
In base 13, what is -4a - -8?
-42
In base 14, what is -455 - -5?
-450
In base 7, what is 111 + 14?
125
In base 3, what is 12 - 0?
12
In base 12, what is 276 + -87?
1ab
In base 16, what is 1 + b1f?
b20
In base 11, what is -2018 + -5?
-2022
In base 10, what is -11 + -609?
-620
In base 9, what is 54 - 54?
0
In base 8, what is -260 + 4?
-254
In base 10, what is 417 + 5?
422
In base 12, what is 7 + 99?
a4
In base 12, what is -2 - 33?
-35
In base 9, what is -7 - 100?
-107
In base 10, what is -44 - -291?
247
In base 7, what is 643 + -4?
636
In base 2, what is 1 + -10010100?
-10010011
In base 16, what is 33 + 0?
33
In base 5, what is 3 + -233?
-230
In base 16, what is -17c + 3?
-179
In base 2, what is -1001010 + 1001001?
-1
In base 16, what is 7 + 6?
d
In base 16, what is 17 - -11e?
135
In base 11, what is -620 - 4?
-624
In base 8, what is -2 - -2046?
2044
In base 16, what is 1 - -1bd?
1be
In base 13, what is 4 - -6a?
71
In base 9, what is -2 + -60?
-62
In base 4, what is 1 - 1203?
-1202
In base 9, what is 175 + -10?
165
In base 14, what is 2441 + 4?
2445
In base 14, what is -21 + -18?
-39
In base 3, what is -11 - 220?
-1001
In base 14, what is -4 + 0?
-4
In base 3, what is -102 + 10100101?
10022222
In base 15, what is -8 + -519?
-522
In base 6, what is -2 + -4130?
-4132
In base 5, what is 34 + 1304?
1343
In base 8, what is -5 + 5?
0
In base 15, what is 148e - -1?
1490
In base 16, what is -adc + -5?
-ae1
In base 9, what is 5 - 31?
-25
In base 12, what is 4 + -4767?
-4763
In base 16, what is -145 - -4?
-141
In base 16, what is b - 2?
9
In base 6, what is 33 - -5?
42
In base 14, what is 2b1 - -28?
2d9
In base 14, what is 754 - 2?
752
In base 15, what is -b4a + -1?
-b4b
In base 3, what is 1121102 - 200?
1120202
In base 13, what is -3723 - 3?
-3726
In base 16, what is bb - 4?
b7
In base 16, what is e + 33?
41
In base 15, what is 0 - -138?
138
In base 8, what is -1214 + 36?
-1156
In base 4, what is 11 + 2011?
2022
In base 8, what is -1 - -65?
64
In base 15, what is 64 + -20?
44
In base 8, what is -20 - 23?
-43
In base 5, what is -11403 - 4?
-11412
In base 2, what is 101 - 11111110001?
-11111101100
In base 4, what is -31100 - -11?
-31023
In base 9, what is -60 + 4?
-55
In base 10, what is -1980 - -5?
-1975
In base 6, what is -105 - 2045?
-2154
In base 3, what is 2 + -12120?
-12111
In base 16, what is -35 - 2?
-37
In base 7, what is -4 + 532?
525
In base 14, what is 0 - -714?
714
In base 5, what is 143 - -24?
222
In base 7, what is -3 + 21050?
21044
In base 7, what is 5 - 1262?
-1254
In base 6, what is -214 - -5?
-205
In base 2, what is 111011001 - -100?
111011101
In base 2, what is 10 - 1000001011?
-1000001001
In base 2, what is 1111011110 + -1000?
1111010110
In base 11, what is -169 + -1?
-16a
In base 5, what is 3 - -114?
122
In base 7, what is -1302 + 2?
-1300
In base 14, what is -15 + 3dc?
3c7
In base 15, what is -10 + -10?
-20
In base 14, what is -15 - 1a?
-31
In base 8, what is -420 - 2?
-422
In base 3, what is -12 - 101?
-120
In base 3, what is -10 - -1200?
1120
In base 11, what is -4 + 271?
268
In base 7, what is 555 + -4?
551
In base 16, what is -3 + 6b?
68
In base 7, what is -526 + 1?
-525
In base 13, what is 1 - 33?
-32
In base 6, what is -10 - -1?
-5
In base 14, what is 5 - b0?
-a9
In base 6, what is 4 + 310?
314
In base 15, what is -1 + -1d21?
-1d22
In base 2, what is 11 + -110001111?
-110001100
In base 8, what is 3 - 12?
-7
In base 4, what is -12 - -113310?
113232
In base 2, what is 10010001001001 + -10?
10010001000111
In base 8, what is -5 - -735?
730
In base 13, what is 2b0 - -1?
2b1
In base 10, what is -8 + 2?
-6
In base 16, what is -5 + 81?
7c
In base 14, what is a - a?
0
In base 8, what is -1 - 23?
-24
In base 14, what is 6594 - -2?
6596
In base 15, what is -2 - 88?
-8a
In base 6, what is -5 - 10424?
-10433
In base 8, what is -2 - 1331?
-1333
In base 13, what is 5 - -11?
16
In base 6, what is 12333 - -4?
12341
In base 16, what is -40 - -2b?
-15
In base 5, what is 10 + 32?
42
In base 14, what is -2 - -6?
4
In base 13, what is -9 - 14?
-20
In base 12, what is 16 - 24?
-a
In base 4, what is 232220 - 2?
232212
In base 5, what is 0 - -13332?
13332
In base 16, what is -3 + 31?
2e
In base 14, what is a - -39?
45
In base 12, what is -3 + -30?
-33
In base 16, what is b - 8?
3
In base 16, what is 28 - 8?
20
In base 5, what is 3 - -34?
42
In base 9, what is 3 - 3?
0
In base 16, what is 31 + -12?
1f
In base 16, what is 3 + 452?
455
In base 8, what is 43 - -57?
122
In base 13, what is 5 + -c?
-7
In base 10, what is 12682 + -1?
12681
In base 6, what is 5 - -5451?
5500
In base 4, what is 30201 + -2?
30133
In base 8, what is -4 + -27?
-33
In base 11, what is -3 + 93?
90
In base 6, what is -2 - -21?
15
In base 3, what is 2 - -1101?
1110
In base 3, what is 0 - -11101?
11101
In base 10, what is 4 + 24?
28
In base 8, what is 3 + 30?
33
In base 4, what is -3 - 12301?
-12310
In base 4, what is 1032 + -10?
1022
In base 16, what is -c8 + -2?
-ca
In base 15, what is 11 - -9?
1a
In base 12, what is 390a - -5?
3913
In base 2, what is 1001111 + -10?
1001101
In base 6, what is 13305 + 2?
13311
In base 10, what is -4 - 180?
-184
In base 7, what is 14 - 142?
-125
In base 15, what is -a - 1?
-b
In base 14, what is -2 + -12?
-14
In base 11, what is 7 + 27?
33
In base 9, what is 6 + -60?
-53
In base 6, what is 250 + -34?
212
In base 9, what is 0 - 1053?
-1053
In base 2, what is 0 - -1011000?
1011000
In base 6, what is 10 + 2104?
2114
In base 10, what is 151 - -2?
153
In base 9, what is -87 - -6?
-81
In base 16, what is 9 - -5?
e
In base 2, what is -101 + -10010101011?
-10010110000
In base 13, what is -3 + 2949?
2946
In base 3, what is -11002 + -1?
-11010
In base 5, what is 1023 - -12?
1040
In base 3, what is -2112221 + -12?
-2120010
In base 7, what is 1 - 126?
-125
In base 9, what is -324 + -22?
-346
In base 13, what is 3721 + 2?
3723
In base 3, what is -12102 + 10?
-12022
In base 10, what is 14 - 46?
-32
In base 5, what is -1040 + -130?
-1220
In base 11, what is 0 + 228?
228
In base 9, what is 6 + 10?
16
In base 10, what is 12 + 1?
13
In base 7, what is 541 - 4?
534
In base 9, what is -4 + 54?
50
In base 4, what is 12 + -1101?
-1023
In base 5, what is -24 + 1340?
1311
In base 5, what is -14 - -204?
140
In base 9, what is -1 + -783?
-784
In base 15, what is -11 - -13?
2
In base 11, what is 140 - -3?
143
In base 10, what is 3 + -49?
-46
In base 10, what is 3 - 281?
-278
In base 13, what is b428 + -3?
b425
In base 2, what is -110 + 110000?
101010
In base 4, what is -3000 - -1?
-2333
In base 10, what is 6160 - -3?
6163
In base 4, what is 22 + 10?
32
In base 4, what is -1202022 + 0?
-1202022
In base 6, what is 100 + 1?
101
In base 9, what is 306 - -1?
307
In base 15, what is -5b - 4b?
-a7
In base 11, what is 52 + 111?
163
In base 10, what is 19 - 31?
-12
In base 16, what is -3 + -1f?
-22
In base 14, what is -1aa9 + 5?
-1aa4
In base 9, what is -175 - -5?
-170
In base 14, what is 3b - 5c?
-2